 is 6 (base 10) in base 7?
6
What is 3 (base 13) in base 2?
11
What is 0 (base 16) in base 13?
0
Convert -10 (base 4) to base 12.
-4
Convert 40 (base 10) to base 5.
130
Convert a9 (base 11) to base 6.
315
What is -1a (base 14) in base 9?
-26
What is 3 (base 10) in base 12?
3
What is -4 (base 6) in base 13?
-4
-6 (base 9) to base 2
-110
What is 2 (base 16) in base 5?
2
What is -9 (base 12) in base 14?
-9
15 (base 12) to base 3
122
-42 (base 5) to base 11
-20
What is -10123 (base 4) in base 5?
-2113
0 (base 13) to base 11
0
Convert 10001 (base 2) to base 15.
12
What is 1 (base 8) in base 13?
1
Convert -4 (base 7) to base 14.
-4
Convert -120 (base 3) to base 14.
-11
-6 (base 9) to base 7
-6
-e (base 16) to base 13
-11
3 (base 14) to base 9
3
What is 15 (base 10) in base 14?
11
What is 210 (base 6) in base 2?
1001110
What is 114 (base 8) in base 3?
2211
Convert -5 (base 7) to base 2.
-101
1 (base 11) to base 15
1
Convert -100 (base 13) to base 11.
-144
What is 5 (base 14) in base 2?
101
Convert -d (base 15) to base 7.
-16
Convert -33 (base 4) to base 16.
-f
-3 (base 8) to base 4
-3
Convert -26 (base 11) to base 16.
-1c
180 (base 9) to base 6
413
What is 0 (base 4) in base 2?
0
Convert 233 (base 4) to base 14.
35
1 (base 3) to base 5
1
What is 121 (base 3) in base 7?
22
Convert 2 (base 11) to base 8.
2
Convert -2 (base 4) to base 16.
-2
What is 4 (base 8) in base 6?
4
2 (base 13) to base 8
2
What is -10100 (base 2) in base 8?
-24
Convert 2 (base 7) to base 8.
2
-11 (base 5) to base 2
-110
Convert -1010 (base 4) to base 10.
-68
Convert 110 (base 13) to base 16.
b6
-15 (base 16) to base 3
-210
What is 1111010 (base 2) in base 8?
172
What is 2 (base 10) in base 3?
2
Convert 0 (base 3) to base 11.
0
Convert 195 (base 12) to base 2.
100000001
Convert 9 (base 16) to base 9.
10
-11 (base 3) to base 13
-4
-154 (base 7) to base 6
-224
Convert 3 (base 10) to base 2.
11
What is 7a (base 13) in base 10?
101
Convert -5 (base 11) to base 6.
-5
3 (base 13) to base 16
3
What is -12 (base 12) in base 14?
-10
What is 128 (base 11) in base 4?
2113
What is -1143 (base 5) in base 4?
-2231
2e (base 15) to base 10
44
Convert -2 (base 5) to base 11.
-2
Convert 2033 (base 4) to base 16.
8f
-61 (base 9) to base 7
-106
What is -20 (base 8) in base 4?
-100
What is -10 (base 3) in base 12?
-3
Convert 101111 (base 2) to base 5.
142
What is 33 (base 15) in base 4?
300
Convert -17 (base 15) to base 5.
-42
2d (base 14) to base 6
105
1 (base 9) to base 2
1
Convert -15 (base 8) to base 6.
-21
Convert -52 (base 15) to base 6.
-205
Convert -120 (base 3) to base 16.
-f
What is -1010100 (base 2) in base 6?
-220
Convert -59 (base 11) to base 3.
-2101
-14 (base 5) to base 16
-9
What is -45 (base 7) in base 13?
-27
What is 1f (base 16) in base 6?
51
What is 4 (base 7) in base 3?
11
What is 10 (base 9) in base 3?
100
What is -26 (base 8) in base 14?
-18
Convert 2 (base 4) to base 15.
2
8 (base 15) to base 8
10
What is 0 (base 9) in base 13?
0
4 (base 8) to base 7
4
What is 10 (base 8) in base 9?
8
-1 (base 12) to base 4
-1
-38 (base 9) to base 10
-35
-3 (base 6) to base 11
-3
-1 (base 16) to base 13
-1
Convert 230 (base 5) to base 6.
145
What is 7 (base 13) in base 6?
11
-3 (base 16) to base 9
-3
What is -20 (base 5) in base 8?
-12
What is -13 (base 5) in base 13?
-8
Convert d (base 15) to base 7.
16
Convert 1 (base 8) to base 3.
1
Convert 2 (base 6) to base 3.
2
What is 15 (base 15) in base 3?
202
Convert -19 (base 16) to base 2.
-11001
-4a (base 16) to base 7
-134
Convert -100 (base 2) to base 11.
-4
What is -141 (base 10) in base 8?
-215
Convert -2 (base 11) to base 5.
-2
What is 433 (base 5) in base 8?
166
Convert 5 (base 8) to base 4.
11
Convert -1101 (base 2) to base 9.
-14
What is -1011 (base 3) in base 14?
-23
5 (base 15) to base 2
101
35 (base 8) to base 16
1d
Convert 7a (base 15) to base 8.
163
130 (base 4) to base 6
44
What is -1 (base 3) in base 12?
-1
1023 (base 4) to base 11
69
Convert 1 (base 5) to base 11.
1
-22 (base 4) to base 3
-101
What is -10 (base 13) in base 15?
-d
Convert -7 (base 11) to base 14.
-7
6 (base 13) to base 3
20
-165 (base 13) to base 9
-310
Convert -2 (base 9) to base 2.
-10
What is 2 (base 8) in base 11?
2
36 (base 13) to base 10
45
What is -1 (base 12) in base 7?
-1
Convert 0 (base 10) to base 11.
0
What is 22 (base 4) in base 9?
11
Convert -110100 (base 2) to base 14.
-3a
What is -26 (base 7) in base 6?
-32
What is 2 (base 3) in base 4?
2
-4 (base 7) to base 12
-4
-4 (base 8) to base 9
-4
Convert 0 (base 15) to base 9.
0
11 (base 2) to base 14
3
-10 (base 4) to base 5
-4
3 (base 13) to base 16
3
Convert 36 (base 10) to base 12.
30
11233 (base 4) to base 15
197
Convert -3 (base 7) to base 5.
-3
45 (base 12) to base 15
38
53 (base 7) to base 12
32
4 (base 11) to base 12
4
13e (base 15) to base 5
2114
What is 4b (base 14) in base 8?
103
-69 (base 14) to base 16
-5d
-3 (base 11) to base 8
-3
Convert -11100 (base 2) to base 16.
-1c
What is -15a (base 15) in base 7?
-622
Convert -10 (base 8) to base 15.
-8
What is 56 (base 15) in base 2?
1010001
Convert 10 (base 6) to base 5.
11
-160 (base 8) to base 14
-80
-3 (base 16) to base 4
-3
What is -11 (base 5) in base 14?
-6
Convert 10 (base 12) to base 2.
1100
What is -2 (base 13) in base 5?
-2
126 (base 8) to base 6
222
What is -1 (base 11) in base 14?
-1
Convert -24 (base 14) to base 15.
-22
What is -2 (base 13) in base 9?
-2
Convert 327 (base 9) to base 11.
224
Convert 21 (base 5) to base 6.
15
-10111 (base 3) to base 11
-86
-9 (base 12) to base 7
-12
What is 7c (base 15) in base 2?
1110101
Convert 435 (base 6) to base 9.
205
Convert -5 (base 9) to base 4.
-11
Convert a4 (base 16) to base 3.
20002
2200 (base 3) to base 7
132
Convert -f (base 16) to base 4.
-33
154 (base 7) to base 6
224
What is 114 (base 8) in base 10?
76
What is -104 (base 6) in base 14?
-2c
1 (base 12) to base 10
1
What is 47 (base 13) in base 7?
113
What is 4 (base 11) in base 5?
4
112 (base 4) to base 16
16
Convert -1032 (base 5) to base 4.
-2032
Convert -44 (base 9) to base 6.
-104
Convert -91 (base 14) to base 4.
-1333
-2 (base 7) to base 13
-2
Convert 0 (base 2) to base 10.
0
425 (base 7) to base 4
3113
5 (base 10) to base 5
10
Convert 6 (base 13) to base 8.
6
What is 20 (base 16) in base 9?
35
Convert -c4 (base 16) to base 2.
-11000100
What is e0 (base 15) in base 9?
253
Convert 2 (base 6) to base 5.
2
Convert 223 (base 5) to base 12.
53
What is 2 (base 16) in base 2?
10
-10202 (base 3) to base 9
-122
What is 4 (base 8) in base 2?
100
What is d (base 14) in base 2?
1101
Convert 4 (base 12) to base 5.
4
-100 (base 2) to base 3
-11
What is -10 (base 4) in base 10?
-4
-5 (base 8) to base 2
-101
-1100 (base 2) to base 10
-12
Convert -3 (base 14) to base 4.
-3
What is 2 (base 4) in base 11?
2
12 (base 8) to base 11
a
What is -11 (base 10) in base 8?
-13
What is 14 (base 6) in base 7?
13
3 (base 8) to base 15
3
Convert 7 (base 13) to base 7.
10
-12 (base 5) to base 13
-7
Convert -122 (base 6) to base 15.
-35
110 (base 11) to base 8
204
Convert -3 (base 8) to base 13.
-3
Convert 38 (base 12) to base 13.
35
Convert 1004 (base 6) to base 3.
22011
What is 12 (base 10) in base 15?
c
What is -1100 (base 2) in base 15?
-c
Convert -160 (base 9) to base 16.
-87
108 (base 9) to base 12
75
40 (base 7) to base 10
28
Convert 2b (base 14) to base 8.
47
What is -2 (base 10) in base 12?
-2
21 (base 9) to base 3
201
11 (base 12) to base 11
12
20020 (base 3) to base 7
330
-12 (base 3) to base 16
-5
Convert -100001 (base 2) to base 6.
-53
What is -20 (base 5) in base 3?
-101
22 (base 15) to base 12
28
What is 120 (base 10) in base 5?
440
3 (base 5) to base 12
3
What is 4 (base 14) in base 16?
4
What is -2 (base 8) in base 10?
-2
-a1 (base 12) to base 7
-232
What is -a2 (base 13) in base 15?
-8c
Convert 2 (base 11) to base 13.
2
Convert 23 (base 11) to base 7.
34
Convert 11 (base 6) to base 5.
12
17 (base 11) to base 3
200
What is 412 (base 5) in base 6?
255
1 (base 13) to base 10
1
4 (base 5) to base 2
100
Convert -22 (base 3) to base 7.
-11
What is 12 (base 10) in base 7?
15
What is f0 (base 16) in base 9?
286
Convert -41 (base 6) to base 14.
-1b
-112 (base 6) to base 13
-35
Convert 44 (base 6) to base 16.
1c
What is -302 (base 7) in base 2?
-10010101
13